te?
True
Is 51971 prime?
True
Is 1942 composite?
True
Is 235921 a prime number?
False
Is 21869 a composite number?
True
Is 32831 composite?
False
Is 6389 composite?
False
Is 30437 composite?
True
Is 1771235 prime?
False
Is 110807 a composite number?
False
Is 38897 a prime number?
False
Is 45599 a composite number?
False
Is 407993 a composite number?
False
Is 77473 a prime number?
False
Is 193147 a prime number?
True
Is 4049 prime?
True
Is 54617 a prime number?
True
Is 17657 a prime number?
True
Is 163133 composite?
True
Is 441509 composite?
True
Is 101741 a composite number?
False
Is 898 a composite number?
True
Is 69827 a composite number?
False
Is 673 a composite number?
False
Is 512621 composite?
False
Is 396181 prime?
True
Is 53311 a prime number?
False
Is 67679 composite?
False
Is 21433 composite?
False
Is 10973 a prime number?
True
Is 352113 a composite number?
True
Is 22177 prime?
False
Is 17455 a prime number?
False
Is 7001 a composite number?
False
Is 328961 prime?
True
Is 16307 a prime number?
False
Is 46439 composite?
False
Is 9977 a composite number?
True
Is 275399 a composite number?
False
Is 15541 composite?
False
Is 682951 a prime number?
True
Is 22901 a composite number?
False
Is 58119 prime?
False
Is 26281 a composite number?
True
Is 10039 a composite number?
False
Is 137401 composite?
True
Is 61197 a prime number?
False
Is 45407 a composite number?
True
Is 263299 a prime number?
False
Is 616589 prime?
True
Is 442733 prime?
True
Is 17039 a composite number?
True
Is 249601 a prime number?
False
Is 176493 a composite number?
True
Is 3517 a prime number?
True
Is 207329 a prime number?
True
Is 65206 composite?
True
Is 55763 prime?
True
Is 194311 composite?
True
Is 18341 prime?
True
Is 2448529 composite?
False
Is 19121 a prime number?
True
Is 10039 a composite number?
False
Is 62273 a composite number?
False
Is 6937 a prime number?
False
Is 6595 composite?
True
Is 213461 prime?
True
Is 361 a prime number?
False
Is 29269 composite?
False
Is 6001 prime?
False
Is 16663 a prime number?
False
Is 203059 composite?
True
Is 28097 a composite number?
False
Is 440471 prime?
True
Is 774551 a prime number?
True
Is 649769 a composite number?
False
Is 78643 a prime number?
True
Is 15 a prime number?
False
Is 55135 prime?
False
Is 706993 composite?
True
Is 9461 a prime number?
True
Is 752351 composite?
False
Is 82762 a prime number?
False
Is 368959 a composite number?
True
Is 12661 a composite number?
True
Is 36401 a composite number?
True
Is 386907 a composite number?
True
Is 692618 prime?
False
Is 74687 a composite number?
False
Is 243301 prime?
True
Is 34817 a prime number?
False
Is 279073 composite?
False
Is 1027363 a prime number?
False
Is 71531 a prime number?
False
Is 23501 a composite number?
True
Is 90609 a composite number?
True
Is 249373 composite?
True
Is 359573 a prime number?
False
Is 13483 prime?
False
Is 25385 a prime number?
False
Is 4547 composite?
False
Is 14095 a prime number?
False
Is 212309 composite?
True
Is 84299 prime?
True
Is 6905 a prime number?
False
Is 560605 prime?
False
Is 45797 a composite number?
True
Is 26473 a composite number?
True
Is 125551 a prime number?
True
Is 143903 a prime number?
False
Is 48131 a prime number?
True
Is 477973 a composite number?
False
Is 610819 a composite number?
True
Is 533447 a composite number?
False
Is 152939 a prime number?
True
Is 917 composite?
True
Is 30259 a composite number?
False
Is 34491 a composite number?
True
Is 10813 composite?
True
Is 35687 prime?
False
Is 331099 a composite number?
False
Is 40253 a composite number?
False
Is 397673 a composite number?
False
Is 37678 composite?
True
Is 18539 a prime number?
True
Is 27539 prime?
True
Is 233734 prime?
False
Is 344227 prime?
False
Is 122581 prime?
False
Is 220849 prime?
False
Is 180871 prime?
True
Is 29047 a prime number?
False
Is 1208719 a composite number?
True
Is 294917 a composite number?
True
Is 8287 a composite number?
False
Is 149029 prime?
False
Is 1814 composite?
True
Is 1395907 prime?
True
Is 78871 a prime number?
False
Is 12517 prime?
True
Is 73713 composite?
True
Is 174617 prime?
True
Is 3665 a prime number?
False
Is 4861 a composite number?
False
Is 11771 a prime number?
False
Is 7393 prime?
True
Is 255687 composite?
True
Is 994989 a prime number?
False
Is 46941 composite?
True
Is 306287 a prime number?
False
Is 24151 a prime number?
True
Is 72107 prime?
False
Is 103007 composite?
False
Is 307 prime?
True
Is 159899 a composite number?
False
Is 30062 a prime number?
False
Is 23889 a composite number?
True
Is 8039 composite?
False
Is 26582 a composite number?
True
Is 590491 a prime number?
False
Is 438203 a composite number?
False
Is 41273 a composite number?
True
Is 17117 a prime number?
True
Is 51269 prime?
False
Is 223889 a composite number?
True
Is 60251 a prime number?
True
Is 29219 a prime number?
False
Is 212179 composite?
True
Is 843749 composite?
True
Is 2539 a prime number?
True
Is 99961 composite?
False
Is 33409 composite?
False
Is 211577 a composite number?
True
Is 176703 prime?
False
Is 447155 prime?
False
Is 18101 prime?
False
Is 50891 prime?
True
Is 451 prime?
False
Is 8465 composite?
True
Is 560905 composite?
True
Is 65621 prime?
False
Is 36111 a composite number?
True
Is 25249 prime?
False
Is 3907 a prime number?
True
Is 2309 a prime number?
True
Is 10061 composite?
False
Is 100447 a composite number?
False
Is 4321 prime?
False
Is 142837 prime?
True
Is 31957 composite?
False
Is 4617695 prime?
False
Is 75269 a composite number?
False
Is 150053 a composite number?
False
Is 1941 a prime number?
False
Is 16877 composite?
True
Is 1081357 composite?
True
Is 3114751 a composite number?
True
Is 1141 composite?
True
Is 147071 prime?
False
Is 25733 composite?
False
Is 189851 a composite number?
False
Is 61949 a prime number?
True
Is 889 a composite number?
True
Is 6901 prime?
False
Is 20287 a composite number?
False
Is 2021933 a prime number?
True
Is 64109 composite?
False
Is 444559 prime?
False
Is 71182 prime?
False
Is 191 composite?
False
Is 174767 a prime number?
True
Is 537 a prime number?
False
Is 22141 a composite number?
True
Is 58937 a prime number?
True
Is 3863 a prime number?
True
Is 86367 prime?
False
Is 62569 composite?
True
Is 958037 composite?
True
Is 693257 composite?
False
Is 113213 prime?
True
Is 2321 prime?
False
Is 4547 a prime number?
True
Is 2722 prime?
False
Is 19165 composite?
True
Is 14109 a composite number?
True
Is 517331 prime?
False
Is 133 composite?
True
Is 13901 composite?
False
Is 247906 a composite number?
True
Is 76537 composite?
False
Is 6801 composite?
True
Is 13603 a composite number?
True
Is 34649 a composite number?
False
Is 28349 prime?
True
Is 2692709 a prime number?
True
Is 295034 composite?
True
Is 752957 a prime number?
False
Is 348407 a composite number?
False
Is 191093 a prime number?
False
Is 1531778 a composite number?
True
Is 23237 composite?
True
Is 8503 a prime number?
False
Is 588899 prime?
False
Is 2323 composite?
True
Is 3205 prime?
False
Is 146453 a composite number?
True
Is 3641 a composite number?
True
Is 157 composite?
False
Is 965 composite?
True
Is 76367 composite?
False
Is 9773 a composite number?
True
Is 585953 a prime number?
True
Is 37189 composite?
False
Is 22081 composite?
True
Is 19531 a prime number?
True
Is 55001 a composite number?
False
Is 6999 composite?
True
Is 11381 a prime number?
False
Is 106193 a composite number?
True
Is 8923 composite?
False
Is 487381 a prime number?
True
Is 50741 a prime number?
True
Is 46049 composite?
False
Is 32845 composite?
True
Is 9413 composite?
False
Is 5789 prime?
False
Is 1714 prime?
False
Is 270191 composite?
False
Is 3017 composite?
True
Is 143053 a composite number?
False
Is 6353 composite?
False
Is 101939 prime?
True
Is 8581 a prime number?
True
Is 267 a composite number?
True
Is 10427 a prime number?
True
Is 794 composite?
True
Is 68181 composite?
True
Is 67447 a prime number?
True
Is 12531 a composite number?
True
Is 146597 composite?
True
Is 91435 composite?
True
Is 6373 a composite number?
False
Is 24359 a composite number?
False
Is 381 a prime number?
False
Is 24877 prime?
True
Is 234527 a prime number?
True
Is 440614 a prime number?
False
Is 44249 a prime number?
True
Is 587459 a prime 